r of 2196 and 18056.
244
Calculate the greatest common factor of 5586 and 19110.
294
What is the highest common factor of 1166622 and 1524?
762
Calculate the highest common factor of 259805 and 455.
455
What is the highest common factor of 5510 and 13205?
95
What is the greatest common factor of 27510 and 78960?
210
Calculate the greatest common factor of 75016 and 16.
8
Calculate the highest common factor of 855 and 12672.
9
What is the greatest common factor of 480 and 170?
10
Calculate the greatest common divisor of 202 and 8787.
101
Calculate the greatest common factor of 364 and 1166126.
26
What is the highest common factor of 16 and 128976?
16
Calculate the greatest common factor of 291 and 587820.
291
Calculate the greatest common factor of 378652 and 3620.
724
What is the greatest common factor of 2889 and 6939?
27
What is the greatest common divisor of 14848580 and 580?
580
Calculate the highest common factor of 124132 and 28.
4
Calculate the greatest common divisor of 273 and 1781.
13
What is the greatest common divisor of 354584 and 7112?
1016
What is the greatest common factor of 1370 and 277562?
274
Calculate the greatest common factor of 10492 and 38356.
172
Calculate the highest common factor of 913500 and 609.
609
What is the highest common factor of 2964 and 7800?
156
Calculate the highest common divisor of 216 and 6394536.
72
Calculate the greatest common divisor of 80219 and 1649.
97
What is the highest common divisor of 1196 and 161759?
299
Calculate the highest common factor of 1580 and 105.
5
Calculate the highest common divisor of 390 and 9555.
195
What is the highest common divisor of 573382 and 382?
382
What is the highest common factor of 344 and 697202?
86
What is the highest common factor of 2034221 and 497?
497
What is the highest common divisor of 1068 and 23304?
12
Calculate the highest common divisor of 29248 and 64.
64
Calculate the greatest common factor of 1112 and 31976.
8
What is the greatest common divisor of 239310 and 780?
30
What is the highest common factor of 69690 and 98670?
690
What is the greatest common factor of 304 and 117116?
76
Calculate the greatest common divisor of 2216 and 24.
8
What is the greatest common divisor of 2732 and 70349?
683
Calculate the highest common factor of 65 and 18625.
5
Calculate the highest common factor of 198 and 18568.
22
What is the highest common factor of 39888 and 27?
9
What is the greatest common factor of 1988528 and 74?
74
Calculate the greatest common divisor of 20825 and 371.
7
Calculate the greatest common factor of 70 and 5096.
14
What is the highest common divisor of 176 and 4081?
11
Calculate the greatest common factor of 116 and 6641.
29
What is the highest common factor of 90 and 21294?
18
What is the highest common divisor of 4470592 and 1428?
476
What is the greatest common divisor of 1225 and 28525?
175
What is the greatest common divisor of 14 and 101941?
7
Calculate the highest common divisor of 156282 and 84.
42
What is the highest common factor of 507 and 1573?
13
What is the greatest common divisor of 196746 and 42?
6
Calculate the greatest common factor of 20 and 47020.
20
Calculate the greatest common divisor of 703632 and 1233.
411
What is the highest common factor of 268485 and 210?
105
Calculate the highest common factor of 38460 and 276.
12
What is the highest common factor of 1955 and 8670?
85
What is the greatest common factor of 352908 and 63?
9
Calculate the greatest common factor of 13664 and 903776.
1952
What is the highest common divisor of 8881 and 913?
83
What is the highest common factor of 500 and 1126500?
500
Calculate the greatest common divisor of 186849 and 27.
9
Calculate the highest common factor of 165400 and 800.
200
What is the highest common factor of 65 and 9087?
13
What is the greatest common divisor of 8653 and 119?
17
Calculate the highest common factor of 808 and 138774.
202
What is the highest common divisor of 74 and 58?
2
What is the highest common divisor of 13 and 3009019?
13
Calculate the highest common factor of 16 and 112456.
8
What is the greatest common factor of 182 and 5422417?
91
What is the greatest common factor of 25 and 461105?
5
What is the highest common divisor of 42 and 7386?
6
Calculate the highest common divisor of 370 and 20656.
2
Calculate the highest common divisor of 876 and 152862.
438
What is the greatest common factor of 2922 and 2850411?
1461
What is the greatest common divisor of 205 and 336905?
5
Calculate the highest common divisor of 450 and 4778.
2
Calculate the greatest common factor of 164567 and 39.
13
What is the highest common factor of 228 and 3090?
6
What is the greatest common factor of 261 and 496335?
87
What is the highest common divisor of 55412 and 224?
28
Calculate the highest common divisor of 166 and 7.
1
What is the highest common divisor of 6434914 and 163?
163
Calculate the highest common divisor of 31535 and 8806.
119
Calculate the highest common divisor of 29675 and 2175.
25
Calculate the highest common divisor of 115368 and 3648.
456
Calculate the highest common divisor of 152411 and 7.
7
What is the highest common divisor of 504 and 12243?
21
What is the highest common factor of 356820 and 1520?
380
Calculate the highest common divisor of 230 and 31855.
115
Calculate the highest common divisor of 2673 and 33.
33
What is the highest common factor of 18291 and 11739?
273
Calculate the greatest common divisor of 21 and 491757.
21
What is the highest common factor of 24 and 1024080?
24
What is the greatest common divisor of 6568252 and 628?
628
What is the highest common divisor of 3876 and 407436?
228
What is the highest common divisor of 19143 and 6?
3
Calculate the greatest common divisor of 632 and 13400.
8
What is the highest common divisor of 1685 and 205?
5
What is the greatest common divisor of 3 and 259?
1
What is the greatest common factor of 209 and 2120856?
19
What is the greatest common factor of 87 and 339?
3
Calculate the greatest common divisor of 9 and 41967.
9
What is the highest common factor of 275 and 41725?
25
What is the greatest common divisor of 12926 and 46?
46
What is the greatest common divisor of 20241 and 44109?
117
What is the greatest common factor of 147820 and 247015?
1945
What is the highest common factor of 4300 and 946?
86
What is the greatest common divisor of 286 and 485694?
22
Calculate the greatest common factor of 7360 and 8320.
320
What is the highest common factor of 1755 and 123240?
195
Calculate the highest common divisor of 35 and 45591.
7
Calculate the highest common factor of 50 and 4474675.
25
Calculate the highest common factor of 2242 and 15458.
118
Calculate the highest common divisor of 621 and 6451983.
207
What is the greatest common divisor of 2895 and 7913?
193
Calculate the greatest common divisor of 13035 and 2475.
165
What is the highest common factor of 69 and 173?
1
Calculate the highest common divisor of 100 and 152340.
20
Calculate the greatest common factor of 5 and 3065.
5
Calculate the greatest common divisor of 85 and 105825.
85
Calculate the greatest common factor of 4303 and 555749.
331
Calculate the greatest common factor of 63 and 49371.
21
What is the greatest common divisor of 6490 and 14455?
295
Calculate the greatest common divisor of 1 and 71861.
1
Calculate the highest common factor of 1080 and 38040.
120
What is the greatest common divisor of 286254 and 57?
57
Calculate the highest common divisor of 6410 and 110.
10
Calculate the greatest common divisor of 210 and 5890.
10
Calculate the highest common divisor of 5720 and 240.
40
Calculate the greatest common divisor of 6110 and 1690.
130
Calculate the greatest common factor of 1222 and 27378.
26
Calculate the greatest common factor of 352609 and 477.
53
What is the highest common factor of 3676 and 1191943?
919
Calculate the greatest common factor of 220 and 62410.
10
Calculate the greatest common factor of 28 and 4402972.
28
What is the highest common factor of 288 and 548064?
288
What is the highest common factor of 59096 and 1780?
356
What is the highest common factor of 388 and 1388?
4
What is the greatest common factor of 4610 and 39646?
922
Calculate the greatest common factor of 337428 and 315.
63
What is the highest c